{"id":992,"date":"2025-03-27T13:00:31","date_gmt":"2025-03-27T13:00:31","guid":{"rendered":"https:\/\/noemistaniszewska.pl\/?page_id=992"},"modified":"2026-01-25T11:44:25","modified_gmt":"2026-01-25T11:44:25","slug":"news","status":"publish","type":"page","link":"https:\/\/noemistaniszewska.pl\/index.php\/en\/news\/","title":{"rendered":"News"},"content":{"rendered":"\n<div id=\"wp-block-themeisle-blocks-advanced-columns-3c408616\" class=\"wp-block-themeisle-blocks-advanced-columns has-1-columns has-desktop-equal-layout has-tablet-equal-layout has-mobile-equal-layout has-vertical-unset\"><div class=\"wp-block-themeisle-blocks-advanced-columns-overlay\"><\/div><div class=\"innerblocks-wrap\">\n<div id=\"wp-block-themeisle-blocks-advanced-column-7526739f\" class=\"wp-block-themeisle-blocks-advanced-column\"><div class=\"is-style-boxed wp-block-themeisle-blocks-posts-grid\" id=\"wp-block-themeisle-blocks-posts-grid-ce0c77ce\"><div class=\"is-list\"><div class=\"o-posts-grid-post-blog o-posts-grid-post-plain\"><div class=\"o-posts-grid-post\"><div class=\"o-posts-grid-post-image\"><a href=\"https:\/\/noemistaniszewska.pl\/index.php\/2025\/05\/28\/noc-wiezowcow-w-q22\/\"><img fetchpriority=\"high\" decoding=\"async\" width=\"621\" height=\"469\" src=\"https:\/\/noemistaniszewska.pl\/wp-content\/uploads\/2025\/05\/noc_wiezowcow_q22_wierzowce_v2_v2-e1748460665835.jpg\" class=\"attachment-full size-full\" alt=\"Noc Wie\u017cowc\u00f3w w Q22\" srcset=\"https:\/\/noemistaniszewska.pl\/wp-content\/uploads\/2025\/05\/noc_wiezowcow_q22_wierzowce_v2_v2-e1748460665835.jpg 621w, https:\/\/noemistaniszewska.pl\/wp-content\/uploads\/2025\/05\/noc_wiezowcow_q22_wierzowce_v2_v2-e1748460665835-300x227.jpg 300w, https:\/\/noemistaniszewska.pl\/wp-content\/uploads\/2025\/05\/noc_wiezowcow_q22_wierzowce_v2_v2-e1748460665835-331x250.jpg 331w\" sizes=\"(max-width: 621px) 100vw, 621px\" \/><\/a><\/div><div class=\"o-posts-grid-post-body\"><h4 class=\"o-posts-grid-post-title\"><a href=\"https:\/\/noemistaniszewska.pl\/index.php\/2025\/05\/28\/noc-wiezowcow-w-q22\/\">Noc Wie\u017cowc\u00f3w w Q22<\/a><\/h4><div class=\"o-posts-grid-post-description\"><p>W sobot\u0119 31 maja o godzinie 18.00 w wie\u017cowcu Q22 w Warszawie odb\u0119dzie si\u0119 wernisa\u017c wystawy wierzowce\u2026<\/p><\/div><\/div><\/div><\/div><div class=\"o-posts-grid-post-blog o-posts-grid-post-plain\"><div class=\"o-posts-grid-post\"><div class=\"o-posts-grid-post-image\"><a href=\"https:\/\/noemistaniszewska.pl\/index.php\/en\/2025\/05\/28\/elementor-1349\/\"><img decoding=\"async\" width=\"621\" height=\"469\" src=\"https:\/\/noemistaniszewska.pl\/wp-content\/uploads\/2025\/05\/noc_wiezowcow_q22_wierzowce_v2_v2-e1748460665835.jpg\" class=\"attachment-full size-full\" alt=\"Night of Skyscrapers in Q22\" srcset=\"https:\/\/noemistaniszewska.pl\/wp-content\/uploads\/2025\/05\/noc_wiezowcow_q22_wierzowce_v2_v2-e1748460665835.jpg 621w, https:\/\/noemistaniszewska.pl\/wp-content\/uploads\/2025\/05\/noc_wiezowcow_q22_wierzowce_v2_v2-e1748460665835-300x227.jpg 300w, https:\/\/noemistaniszewska.pl\/wp-content\/uploads\/2025\/05\/noc_wiezowcow_q22_wierzowce_v2_v2-e1748460665835-331x250.jpg 331w\" sizes=\"(max-width: 621px) 100vw, 621px\" \/><\/a><\/div><div class=\"o-posts-grid-post-body\"><h4 class=\"o-posts-grid-post-title\"><a href=\"https:\/\/noemistaniszewska.pl\/index.php\/en\/2025\/05\/28\/elementor-1349\/\">Night of Skyscrapers in Q22<\/a><\/h4><div class=\"o-posts-grid-post-description\"><p>The Heavenscrapers_v2 exhibition opening will be held in the Q22 skyscraper in Warsaw on 31 May<\/p><\/div><\/div><\/div><\/div><div class=\"o-posts-grid-post-blog o-posts-grid-post-plain\"><div class=\"o-posts-grid-post\"><div class=\"o-posts-grid-post-image\"><a href=\"https:\/\/noemistaniszewska.pl\/index.php\/2025\/03\/31\/szybowce-wystawa-w-teatrze-boto\/\"><img decoding=\"async\" width=\"991\" height=\"775\" src=\"https:\/\/noemistaniszewska.pl\/wp-content\/uploads\/2025\/03\/szybowce_staniszewska_www-e1743413887687.jpg\" class=\"attachment-full size-full\" alt=\"wystawa Szybowce w Teatrze Boto\" srcset=\"https:\/\/noemistaniszewska.pl\/wp-content\/uploads\/2025\/03\/szybowce_staniszewska_www-e1743413887687.jpg 991w, https:\/\/noemistaniszewska.pl\/wp-content\/uploads\/2025\/03\/szybowce_staniszewska_www-e1743413887687-300x235.jpg 300w, https:\/\/noemistaniszewska.pl\/wp-content\/uploads\/2025\/03\/szybowce_staniszewska_www-e1743413887687-768x601.jpg 768w, https:\/\/noemistaniszewska.pl\/wp-content\/uploads\/2025\/03\/szybowce_staniszewska_www-e1743413887687-320x250.jpg 320w\" sizes=\"(max-width: 991px) 100vw, 991px\" \/><\/a><\/div><div class=\"o-posts-grid-post-body\"><h4 class=\"o-posts-grid-post-title\"><a href=\"https:\/\/noemistaniszewska.pl\/index.php\/2025\/03\/31\/szybowce-wystawa-w-teatrze-boto\/\">Szybowce &#8211; wystawa w Teatrze Boto<\/a><\/h4><div class=\"o-posts-grid-post-description\"><p>W niedziel\u0119 13 kwietnia o godzinie 19.00 w Teatrze Boto w Sopocie odb\u0119dzie si\u0119 wernisa\u017c wystawy Szyb\u2026<\/p><\/div><\/div><\/div><\/div><div class=\"o-posts-grid-post-blog o-posts-grid-post-plain\"><div class=\"o-posts-grid-post\"><div class=\"o-posts-grid-post-image\"><a href=\"https:\/\/noemistaniszewska.pl\/index.php\/en\/2025\/03\/31\/glassiers-exhibition-in-boto-theatre\/\"><img decoding=\"async\" width=\"991\" height=\"775\" src=\"https:\/\/noemistaniszewska.pl\/wp-content\/uploads\/2025\/03\/szybowce_staniszewska_www-e1743413887687.jpg\" class=\"attachment-full size-full\" alt=\"wystawa Szybowce w Teatrze Boto\" srcset=\"https:\/\/noemistaniszewska.pl\/wp-content\/uploads\/2025\/03\/szybowce_staniszewska_www-e1743413887687.jpg 991w, https:\/\/noemistaniszewska.pl\/wp-content\/uploads\/2025\/03\/szybowce_staniszewska_www-e1743413887687-300x235.jpg 300w, https:\/\/noemistaniszewska.pl\/wp-content\/uploads\/2025\/03\/szybowce_staniszewska_www-e1743413887687-768x601.jpg 768w, https:\/\/noemistaniszewska.pl\/wp-content\/uploads\/2025\/03\/szybowce_staniszewska_www-e1743413887687-320x250.jpg 320w\" sizes=\"(max-width: 991px) 100vw, 991px\" \/><\/a><\/div><div class=\"o-posts-grid-post-body\"><h4 class=\"o-posts-grid-post-title\"><a href=\"https:\/\/noemistaniszewska.pl\/index.php\/en\/2025\/03\/31\/glassiers-exhibition-in-boto-theatre\/\">Glassiers &#8211; exhibition in Boto Theatre<\/a><\/h4><div class=\"o-posts-grid-post-description\"><p>On Sunday, 13 April, the Boto Theatre in Sopot will host the opening of the exhibition Glassiers.<\/p><\/div><\/div><\/div><\/div><div class=\"o-posts-grid-post-blog o-posts-grid-post-plain\"><div class=\"o-posts-grid-post\"><div class=\"o-posts-grid-post-image\"><a href=\"https:\/\/noemistaniszewska.pl\/index.php\/2025\/03\/27\/fryz-cukierniczy-na-vi-aukcji-marzen\/\"><img loading=\"lazy\" decoding=\"async\" width=\"2000\" height=\"1252\" src=\"https:\/\/noemistaniszewska.pl\/wp-content\/uploads\/2025\/03\/staniszewska_fryz_cukierniczy_1.jpg\" class=\"attachment-full size-full\" alt=\"obraz olejny na kt\u00f3rym s\u0105 kolorowe torty\" srcset=\"https:\/\/noemistaniszewska.pl\/wp-content\/uploads\/2025\/03\/staniszewska_fryz_cukierniczy_1.jpg 2000w, https:\/\/noemistaniszewska.pl\/wp-content\/uploads\/2025\/03\/staniszewska_fryz_cukierniczy_1-300x188.jpg 300w, https:\/\/noemistaniszewska.pl\/wp-content\/uploads\/2025\/03\/staniszewska_fryz_cukierniczy_1-1024x641.jpg 1024w, https:\/\/noemistaniszewska.pl\/wp-content\/uploads\/2025\/03\/staniszewska_fryz_cukierniczy_1-768x481.jpg 768w, https:\/\/noemistaniszewska.pl\/wp-content\/uploads\/2025\/03\/staniszewska_fryz_cukierniczy_1-1536x962.jpg 1536w, https:\/\/noemistaniszewska.pl\/wp-content\/uploads\/2025\/03\/staniszewska_fryz_cukierniczy_1-559x350.jpg 559w\" sizes=\"(max-width: 2000px) 100vw, 2000px\" \/><\/a><\/div><div class=\"o-posts-grid-post-body\"><h4 class=\"o-posts-grid-post-title\"><a href=\"https:\/\/noemistaniszewska.pl\/index.php\/2025\/03\/27\/fryz-cukierniczy-na-vi-aukcji-marzen\/\">Fryz Cukierniczy na VI Aukcji Marze\u0144<\/a><\/h4><div class=\"o-posts-grid-post-description\"><p>Praca Fryz Cukierniczy zosta\u0142a wylicytowana na VI Aukcji Marze\u0144<\/p><\/div><\/div><\/div><\/div><div class=\"o-posts-grid-post-blog o-posts-grid-post-plain\"><div class=\"o-posts-grid-post\"><div class=\"o-posts-grid-post-image\"><a href=\"https:\/\/noemistaniszewska.pl\/index.php\/en\/2025\/03\/27\/989\/\"><img loading=\"lazy\" decoding=\"async\" width=\"2000\" height=\"1252\" src=\"https:\/\/noemistaniszewska.pl\/wp-content\/uploads\/2025\/03\/staniszewska_fryz_cukierniczy_1.jpg\" class=\"attachment-full size-full\" alt=\"obraz olejny na kt\u00f3rym s\u0105 kolorowe torty\" srcset=\"https:\/\/noemistaniszewska.pl\/wp-content\/uploads\/2025\/03\/staniszewska_fryz_cukierniczy_1.jpg 2000w, https:\/\/noemistaniszewska.pl\/wp-content\/uploads\/2025\/03\/staniszewska_fryz_cukierniczy_1-300x188.jpg 300w, https:\/\/noemistaniszewska.pl\/wp-content\/uploads\/2025\/03\/staniszewska_fryz_cukierniczy_1-1024x641.jpg 1024w, https:\/\/noemistaniszewska.pl\/wp-content\/uploads\/2025\/03\/staniszewska_fryz_cukierniczy_1-768x481.jpg 768w, https:\/\/noemistaniszewska.pl\/wp-content\/uploads\/2025\/03\/staniszewska_fryz_cukierniczy_1-1536x962.jpg 1536w, https:\/\/noemistaniszewska.pl\/wp-content\/uploads\/2025\/03\/staniszewska_fryz_cukierniczy_1-559x350.jpg 559w\" sizes=\"(max-width: 2000px) 100vw, 2000px\" \/><\/a><\/div><div class=\"o-posts-grid-post-body\"><h4 class=\"o-posts-grid-post-title\"><a href=\"https:\/\/noemistaniszewska.pl\/index.php\/en\/2025\/03\/27\/989\/\">&#8222;Confectionary Frieze&#8221; at charity auction<\/a><\/h4><div class=\"o-posts-grid-post-description\"><p>The work Confectionary Frieze was auctioned at the charity art auction VI Aukcja Marze\u0144<\/p><\/div><\/div><\/div><\/div><\/div> <\/div><\/div>\n<\/div><\/div>\n","protected":false},"excerpt":{"rendered":"","protected":false},"author":1,"featured_media":0,"parent":0,"menu_order":0,"comment_status":"closed","ping_status":"closed","template":"","meta":{"_eb_attr":"","_monsterinsights_skip_tracking":false,"_monsterinsights_sitenote_active":false,"_monsterinsights_sitenote_note":"","_monsterinsights_sitenote_category":0,"_themeisle_gutenberg_block_has_review":false,"footnotes":""},"class_list":["post-992","page","type-page","status-publish","hentry"],"aioseo_notices":[],"_links":{"self":[{"href":"https:\/\/noemistaniszewska.pl\/index.php\/wp-json\/wp\/v2\/pages\/992","targetHints":{"allow":["GET"]}}],"collection":[{"href":"https:\/\/noemistaniszewska.pl\/index.php\/wp-json\/wp\/v2\/pages"}],"about":[{"href":"https:\/\/noemistaniszewska.pl\/index.php\/wp-json\/wp\/v2\/types\/page"}],"author":[{"embeddable":true,"href":"https:\/\/noemistaniszewska.pl\/index.php\/wp-json\/wp\/v2\/users\/1"}],"replies":[{"embeddable":true,"href":"https:\/\/noemistaniszewska.pl\/index.php\/wp-json\/wp\/v2\/comments?post=992"}],"version-history":[{"count":4,"href":"https:\/\/noemistaniszewska.pl\/index.php\/wp-json\/wp\/v2\/pages\/992\/revisions"}],"predecessor-version":[{"id":1010,"href":"https:\/\/noemistaniszewska.pl\/index.php\/wp-json\/wp\/v2\/pages\/992\/revisions\/1010"}],"wp:attachment":[{"href":"https:\/\/noemistaniszewska.pl\/index.php\/wp-json\/wp\/v2\/media?parent=992"}],"curies":[{"name":"wp","href":"https:\/\/api.w.org\/{rel}","templated":true}]}}